24). What are the prime factors of (8/(-10))/(s/575)?
2, 5
Let p = 40 - 12. Let i(d) = 6*d - 9. Let v be i(2). Suppose -m = -z - p, -5*m + 107 = v*z - 1. What are the prime factors of m?
2, 3
Let t(a) = -745*a**3 + 5*a**2 + 2*a + 1. List the prime factors of t(-1).
7, 107
Let i(n) = 2*n**2 - 6. Let t be i(2). Suppose -2*p - 2*o = -3*o - 236, -4*o = -t*p + 224. Let f = p - 51. List the prime factors of f.
3, 23
Let h(x) = 2265*x**2 - 4*x + 6. List the prime factors of h(1).
2267
Let t(j) = -6*j - 8. Let h(w) = 7*w + 23. Let z be h(-4). List the prime factors of t(z).
2, 11
Suppose y = 37*g - 34*g - 275, 3*g - 299 = -5*y. What are the prime factors of g?
3, 31
Let q be 38/(-10) + (-3)/15. Let p be 4/2 + (-472)/q. Suppose p - 39 = 3*t. List the prime factors of t.
3
List the prime factors of (2 + 352/(-12))*-78.
2, 13, 41
Suppose 4*z + 184 = 648. Suppose w = 3*p - z, 0 = p + 3*w - 7*w - 57. List the prime factors of p.
37
Let x = 118 - 54. Suppose -w - 44 = 2*c, -2 - 2 = c. Let o = x + w. List the prime factors of o.
2, 7
Let b(m) = m**3 + 8*m**2 - 13*m + 2. Let v = -3 + 7. Suppose 0*g - w = -g - 10, -5*g - 41 = v*w. List the prime factors of b(g).
2, 19
Suppose -32*k = -36*k + 8. Let d(h) = 45*h**2 - h - 5. List the prime factors of d(k).
173
Suppose 5*b = -5*b. Suppose -2*v + 62 + 192 = b. List the prime factors of v.
127
Suppose 35*u + 1476 = 47*u. What are the prime factors of u?
3, 41
List the prime factors of 11/99 - (-10340)/9.
3, 383
Let h(w) = -3*w + 11. Let y(c) = 3*c + 16. Let s be y(-4). Suppose i = s*l + 60, -2*l + 3*i = -i + 16. What are the prime factors of h(l)?
59
Let p(j) = -39*j - 74*j + 7*j - 1. What are the prime factors of p(-2)?
211
Let p = -775 - -1103. Suppose -3*y + p = -5*m, 5*m = -0*y + 5*y - 530. List the prime factors of y.
101
Suppose -3*w = -3*t + 177, -t + 3*t + 4*w - 136 = 0. What are the prime factors of t - 0*3/(-12)?
2, 31
Suppose 2*y - 2*i - 5 = -i, 10 = -3*y + 5*i. Suppose -149 = y*f + 56. Let r = f - -69. List the prime factors of r.
2, 7
Suppose -q + 0*q - 821 = -x, -5*x - 2*q = -4133. What are the prime factors of x?
3, 5, 11
Suppose 3*y - 21 = 24. Let l be (-2)/10 - (-48)/y. What are the prime factors of (l/(-2))/(72/(-3216))?
67
Let u be 49/2 - -4*1/(-8). List the prime factors of 22/u*250 + 7/(-42).
229
Let k(u) = -1. Let n(q) = -q + 2. Let m(x) = 4*k(x) + n(x). Let f be m(9). Let j = f + 29. What are the prime factors of j?
2, 3
Let p(c) = 4*c**2 + 1. Let j be p(-1). Suppose j*l = 4*u - 1, l = 2*u - 4 - 1. What are the prime factors of u?
2
Let z(w) be the third derivative of w**6/40 + w**5/60 + w**4/24 - w**3/6 - w**2. Let c be z(1). Suppose -2 = -c*a + 3*a. What are the prime factors of a?
2
Suppose q - 2*w - 2181 = w, 0 = 5*q - 2*w - 10931. What are the prime factors of q?
3
Suppose -5721 = -4*u + 3*t, 6*u - 5697 = 2*u - 5*t. What are the prime factors of u?
2, 3, 7, 17
Suppose 5*z = -43 - 67. Let q be z*(5/2)/(-1). Let w = q + -11. What are the prime factors of w?
2, 11
Let h = -351 + 745. List the prime factors of h.
2, 197
Let x be (4 + -3)*-1*-7. Suppose 5*v - 3 = x. Suppose -f - v*g = -22, 0 = 2*f - 3*f - g + 18. What are the prime factors of f?
2, 7
Suppose -4*b + 2*a = -450 - 540, 5*b - 3*a - 1235 = 0. List the prime factors of b.
2, 5
Let h = 417 - -774. What are the prime factors of h?
3, 397
Let q(x) be the third derivative of 7*x**4/24 - 25*x**3/6 + 6*x**2. List the prime factors of q(10).
3, 5
Let z be 0 - -4 - (6 + -2). Suppose z = 4*w - s - 137, -s + 127 = 4*w - 0*s. List the prime factors of w.
3, 11
Suppose 0 = 8*d - 3969 - 5447. What are the prime factors of d?
11, 107
Suppose 0 = -u - 4*z - 6 + 3, 3*z + 6 = 0. Suppose n + u = 2. List the prime factors of (-22)/n*(-21)/(-14).
11
Let r be ((-6)/(-1))/(2/5). Let x(c) = 176*c - 2. Let m be x(-1). List the prime factors of m/(-7) + r/(-35).
5
Let q(o) = 9*o**2 + 2*o - 29*o**2 + o**3 + 31 + 0*o - 11*o**2. List the prime factors of q(31).
3, 31
Suppose 5*x + 4*m - 7128 = 0, -5*x - 344 + 7456 = -4*m. What are the prime factors of x?
2, 89
Suppose -13471 = -12*o + 22745. List the prime factors of o.
2, 3, 503
Suppose -q - 14 = 4*m, m = -2*m - 12. Let h(c) = 26*c**2 - c + 2. What are the prime factors of h(q)?
2, 13
Suppose l = -3*s - 47, -3*s - 5*l - 34 - 33 = 0. Let n be 3/6 - s/4. List the prime factors of n*(-1 - 0) + 44.
2, 5
Suppose 5*k - 41 = -o, 3*o + 5*k - 86 - 27 = 0. List the prime factors of (-27)/o + (-123)/(-4).
2, 3, 5
What are the prime factors of ((-6)/(-10)*4)/((-3)/(-70))?
2, 7
List the prime factors of 3867 + -3 + (-34 - -41).
7, 79
Let g be (-2)/(-5) - (-1070)/(-50). List the prime factors of (-2)/(-6) - 476/g.
23
Let k = 40 - 40. Let y(d) = d**3 + d**2 + d + 43. List the prime factors of y(k).
43
Let u(b) = 683*b**3 + 3*b**2 + 5*b - 4. List the prime factors of u(2).
2, 2741
Suppose -6*a = -3*a - 1590. What are the prime factors of a?
2, 5, 53
Let q = 3 + -13. Let c = q - -12. Let o = 6 + c. List the prime factors of o.
2
Let p be 0*(-2 + 4 + -1). Suppose -5*g + 186 = 7*y - 3*y, p = -g - 2. What are the prime factors of y?
7
Let u be 1 + 0 - (15 + -15). Suppose -u + 2 = c. What are the prime factors of (-16)/(c + (-15)/10)?
2
Let x(s) = 3241*s**2 + 26*s + 27. List the prime factors of x(-1).
2, 1621
Let m(j) = -j**3 - 2*j**2 - 13*j + 3*j**3 + 16*j - 1. Suppose 1 = -2*u + 5. What are the prime factors of m(u)?
13
Let z(a) = a + 18. Let m be z(-14). Suppose 5*f - 7*f + m = 0. Suppose 3*v + f*v - 130 = 0. List the prime factors of v.
2, 13
Let s(k) = k**3 + 7*k**2 - 2*k. Let p = 0 + -7. Let u be s(p). Let l = u - 9. What are the prime factors of l?
5
Let u(t) = 3*t - 5. Let d(h) = h**3 - 7*h**2 - 6*h - 4. Let b be d(8). Suppose 0 = 3*p - 3*c - 27, -2*p + b = 3*c + 4. What are the prime factors of u(p)?
2
Suppose 6 = -3*o + 3*j + 2*j, -2*o = -3*j + 3. Suppose -2*a - 3 = o. List the prime factors of (3 - a) + 2 + 0.
2
Suppose 3*s + 12 = 0, v - 2*s - s - 244 = 0. List the prime factors of v.
2, 29
Let a = 319 + -179. What are the prime factors of a?
2, 5, 7
Suppose v - 2*v - 221 = -a, -a = 4*v - 211. List the prime factors of a.
3, 73
Let s(f) = 3*f + 2. Let v be s(-2). Let j be ((-8)/v + -7)/(-1). Suppose -38 = -3*g + j*b - 1, 4*g + 4 = -4*b. What are the prime factors of g?
2
Suppose 4 = -2*d, 0 = 3*y - 6*y - 4*d + 373. Suppose 4*a - 52 = -q, 5*a = 3*q - y + 39. What are the prime factors of q?
2, 3
Suppose 6 = -13*n + 16*n. Suppose 3*f + n*y = 187, 3*f + 3*y - 3 - 183 = 0. What are the prime factors of f?
3, 7
Let w(o) be the first derivative of o**3/3 + 13*o**2/2 - 16*o + 46. List the prime factors of w(-17).
2, 13
Let u(w) = 46*w + 3. Suppose 16*s + 24 = 22*s. List the prime factors of u(s).
11, 17
Let x = 1 - 1. Suppose -4*o + 44 = 2*f - x, 24 = 2*o + 2*f. What are the prime factors of (-1)/(1 + o/(-8))?
2
Let m be 2*-2*(-11)/2. Suppose -o + 11 = -44. Let w = o - m. List the prime factors of w.
3, 11
Suppose 8*v - 5 + 13 = 0. What are the prime factors of (9/6 + v)*288/4?
2, 3
Let q(k) = -190*k - 4. List the prime factors of q(-2).
2, 47
Let r = -177 + 254. What are the prime factors of r?
7, 11
Let y(n) be the third derivative of n**5/6 + n**3/6 + n**2. List the prime factors of y(-2).
41
Suppose 2*x - 50 = -0*x. Suppose -x = 2*u + 27. List the prime factors of (u/(-3))/((-10)/(-15)).
13
Let p = 8 + -13. Let y(n) = 2*n**3 + 15*n**2 + 13*n - 5. Let r(d) = -d**3 - 7*d**2 - 6*d + 2. Let l(m) = 5*r(m) + 2*y(m). List the prime factors of l(p).
2, 5
Suppose -w - 1 = 1, -5*w = 5*p - 10. Let d(y) = y**2 + 6*y + 8. Let j be d(-4). Suppose j = -5*c + p*c + 59. What are the prime factors of c?
59
What are the prime factors of (-15)/6*2374/(-20)*12?
3, 1187
Let d(z) be the second derivative of z**5/20 - 7*z**4/6 + 7*z**3/6 + 2*z**2 - 15*z. What are the prime factors of d(14)?
2, 3, 17
Let n(f) = 29*f + 42. Suppose -3*g - 8 = -5*t, -2*t = -4*g + 15 - 7. What are the prime factors of n(t)?
2, 79
Suppose 2*v = -3*b + 1787, 0*v + 5*b - 4470 = -5*v. List the prime factors of v.
5, 179
Let q = -51 - -43. Let x = 63 - q. List the prime factors of x.
71
Let x = 304 + 1725. What are the prime factors of x?
2029
Suppose -4*j = -9 - 63. Let t = -17 + j. What are the prime factors of 6/12*t*26?
13
Let d be 16*14/10 - (-14)/(-35). Suppos